 is divided by 56?
7
Calculate the remainder when 2073 is divided by 244.
121
What is the remainder when 14132 is divided by 211?
206
What is the remainder when 127366 is divided by 11?
8
Calculate the remainder when 2054 is divided by 41.
4
What is the remainder when 1303965 is divided by 115?
95
Calculate the remainder when 122287 is divided by 10.
7
Calculate the remainder when 512944 is divided by 58.
50
What is the remainder when 215300 is divided by 520?
20
Calculate the remainder when 17726 is divided by 4429.
10
What is the remainder when 59332 is divided by 8476?
0
Calculate the remainder when 874 is divided by 423.
28
Calculate the remainder when 10291 is divided by 857.
7
Calculate the remainder when 15490 is divided by 1106.
6
Calculate the remainder when 10628 is divided by 393.
17
Calculate the remainder when 471457 is divided by 13.
12
What is the remainder when 89352 is divided by 603?
108
Calculate the remainder when 1184 is divided by 583.
18
What is the remainder when 3594 is divided by 444?
42
Calculate the remainder when 393 is divided by 130.
3
What is the remainder when 1020174 is divided by 1411?
21
Calculate the remainder when 4463 is divided by 4451.
12
Calculate the remainder when 21818 is divided by 728.
706
What is the remainder when 719746 is divided by 21?
13
What is the remainder when 29909 is divided by 2136?
5
What is the remainder when 42591 is divided by 394?
39
What is the remainder when 4254 is divided by 20?
14
Calculate the remainder when 23879 is divided by 59.
43
Calculate the remainder when 65098 is divided by 115.
8
Calculate the remainder when 2900082 is divided by 5.
2
What is the remainder when 3195 is divided by 600?
195
What is the remainder when 414 is divided by 65?
24
Calculate the remainder when 8109 is divided by 293.
198
What is the remainder when 8622627 is divided by 29?
28
Calculate the remainder when 293990 is divided by 293965.
25
Calculate the remainder when 74894 is divided by 24963.
5
Calculate the remainder when 852926 is divided by 78.
74
What is the remainder when 7016 is divided by 1390?
66
Calculate the remainder when 3152 is divided by 870.
542
Calculate the remainder when 1000 is divided by 201.
196
Calculate the remainder when 16161 is divided by 5.
1
Calculate the remainder when 13373 is divided by 495.
8
Calculate the remainder when 19025 is divided by 55.
50
Calculate the remainder when 1708198 is divided by 585.
583
What is the remainder when 15548 is divided by 25?
23
Calculate the remainder when 14397 is divided by 1752.
381
Calculate the remainder when 728316 is divided by 40.
36
Calculate the remainder when 62060 is divided by 13.
11
Calculate the remainder when 5504 is divided by 1372.
16
Calculate the remainder when 15350 is divided by 7.
6
What is the remainder when 899199 is divided by 61?
59
Calculate the remainder when 769 is divided by 320.
129
What is the remainder when 14943 is divided by 1179?
795
Calculate the remainder when 371954 is divided by 282.
278
Calculate the remainder when 2351 is divided by 161.
97
Calculate the remainder when 27963 is divided by 354.
351
Calculate the remainder when 659 is divided by 82.
3
Calculate the remainder when 4071 is divided by 317.
267
What is the remainder when 3508 is divided by 1750?
8
What is the remainder when 5699 is divided by 84?
71
What is the remainder when 39193 is divided by 725?
43
Calculate the remainder when 1615 is divided by 8.
7
Calculate the remainder when 19032 is divided by 26.
0
What is the remainder when 248512 is divided by 2301?
4
What is the remainder when 79628 is divided by 2342?
0
Calculate the remainder when 28445 is divided by 415.
225
What is the remainder when 2702 is divided by 2381?
321
What is the remainder when 6702 is divided by 91?
59
What is the remainder when 273955 is divided by 293?
0
What is the remainder when 12348 is divided by 247?
245
Calculate the remainder when 55945 is divided by 76.
9
Calculate the remainder when 17704 is divided by 44.
16
Calculate the remainder when 244 is divided by 55.
24
Calculate the remainder when 64003 is divided by 98.
9
What is the remainder when 6067 is divided by 276?
271
What is the remainder when 31991 is divided by 196?
43
Calculate the remainder when 2898 is divided by 355.
58
Calculate the remainder when 26273 is divided by 585.
533
Calculate the remainder when 321 is divided by 38.
17
What is the remainder when 24290 is divided by 123?
59
Calculate the remainder when 298314 is divided by 14913.
54
Calculate the remainder when 38313 is divided by 6379.
39
What is the remainder when 1898 is divided by 309?
44
Calculate the remainder when 841808 is divided by 174.
170
What is the remainder when 4934 is divided by 225?
209
Calculate the remainder when 153227 is divided by 154.
151
What is the remainder when 4372 is divided by 480?
52
Calculate the remainder when 563 is divided by 228.
107
What is the remainder when 5254 is divided by 56?
46
What is the remainder when 6486 is divided by 1285?
61
What is the remainder when 4587 is divided by 383?
374
What is the remainder when 1156 is divided by 162?
22
Calculate the remainder when 59565 is divided by 29620.
325
What is the remainder when 1831 is divided by 13?
11
What is the remainder when 982 is divided by 355?
272
Calculate the remainder when 1218 is divided by 352.
162
What is the remainder when 4433 is divided by 19?
6
Calculate the remainder when 89058 is divided by 24.
18
What is the remainder when 2557 is divided by 346?
135
Calculate the remainder when 69586 is divided by 74.
26
What is the remainder when 6782 is divided by 66?
50
What is the remainder when 5013 is divided by 88?
85
Calculate the remainder when 3049 is divided by 1015.
4
Calculate the remainder when 14050 is divided by 700.
50
Calculate the remainder when 54085 is divided by 8.
5
What is the remainder when 627177 is divided by 327?
318
Calculate the remainder when 4754 is divided by 436.
394
What is the remainder when 2898 is divided by 145?
143
Calculate the remainder when 291839 is divided by 2280.
2279
What is the remainder when 44343 is divided by 127?
20
What is the remainder when 11829 is divided by 13?
12
What is the remainder when 23339 is divided by 424?
19
What is the remainder when 12189 is divided by 290?
9
What is the remainder when 196638 is divided by 32?
30
Calculate the remainder when 63928 is divided by 15.
13
Calculate the remainder when 5619 is divided by 289.
128
Calculate the remainder when 177262 is divided by 59087.
1
What is the remainder when 5649 is divided by 119?
56
What is the remainder when 2359 is divided by 1146?
67
Calculate the remainder when 288645 is divided by 18040.
5
Calculate the remainder when 41671 is divided by 20828.
15
Calculate the remainder when 31245 is divided by 455.
305
Calculate the remainder when 3969 is divided by 397.
396
What is the remainder when 3095 is divided by 113?
44
Calculate the remainder when 113355 is divided by 700.
655
Calculate the remainder when 13742 is divided by 125.
117
Calculate the remainder when 175382 is divided by 22.
20
What is the remainder when 16714 is divided by 1390?
34
What is the remainder when 14416 is divided by 162?
160
Calculate the remainder when 81405 is divided by 318.
315
Calculate the remainder when 37610 is divided by 9.
8
Calculate the remainder when 85 is divided by 80.
5
What is the remainder when 92224 is divided by 36?
28
What is the remainder when 6422 is divided by 1280?
22
Calculate the remainder when 31302 is divided by 3476.
18
Calculate the remainder when 30512 is divided by 62.
8
Calculate the remainder when 14560 is divided by 1456.
0
What is the remainder when 29506 is divided by 7374?
10
Calculate the remainder when 790 is divided by 176.
86
Calculate the remainder when 31671 is divided by 200.
71
Calculate the remainder when 497580 is divided by 23.
21
What is the remainder when 1843909 is divided by 191?
186
What is the remainder when 35826 is divided by 140?
126
Calculate the remainder when 572117 is divided by 83.
81
What is the remainder when 13251 is divided by 13200?
51
Calculate the remainder when 29345 is divided by 459.
428
Calculate the remainder when 30461 is divided by 10151.
8
Calc